87 = 3*i. Let g be -1 - (v*3 - 0). Suppose l - 2*l + g = 0. List the prime factors of l.
101
Let y(d) = -4*d + 56. Let g be (-24 + 37)/(-1 - -2). Let z be y(g). Suppose -5*t + 321 = -0*t + i, 244 = z*t + 4*i. List the prime factors of t.
5, 13
Let f be (-163228)/(-78) + 2/6. Let s = 3184 - f. List the prime factors of s.
1091
Let z(g) = -g + 95. Let t be z(7). Suppose 3*a - 274 = -t. What are the prime factors of a?
2, 31
Let v be (-36)/126 + (-80)/(-35). Suppose r = -s + 3*s + 318, -2*s - 318 = -5*r. What are the prime factors of (-16)/(-12)*(0 - s/v)?
2, 53
What are the prime factors of (60855/12)/(77/(-56) - -2)?
2, 4057
Suppose -3*z - 2*c - 3*c + 34517 = 0, 1 = c. List the prime factors of z.
2, 719
Suppose 92 = 6*x - 202. Suppose 0 = 46*r - x*r + 9. Suppose 2*d - 96 = r*g, -7*d + 2*d + 240 = 4*g. List the prime factors of d.
2, 3
Let i(o) = 397 - 403 + 5*o + 38*o**2 - 14*o**2. Let n be i(-3). Suppose -3*x + 0*g = -g - n, 5*g = -3*x + 195. List the prime factors of x.
5, 13
Suppose 8*y + 5*a = 10*y - 151, 0 = y + 4*a - 69. Let p be (-85)/3 + 4/(-6). Let g = y - p. What are the prime factors of g?
2, 3, 17
Suppose 0 = -3*r - q + 10, 5*r + 2*q - 19 = -4. Let i(l) = 40 + 1 - 14*l - r. List the prime factors of i(-7).
2, 67
Let r = 137 + -219. Let b = 86 + r. Suppose -4*t + b*y = -3*t - 144, -y - 516 = -4*t. What are the prime factors of t?
2
Let l be (-2)/(-5) - (-3 - (-51)/15). Suppose t = -t + 2, l = -3*g - 3*t + 546. Let b = -99 + g. List the prime factors of b.
2, 41
Let h(y) = -2*y**3 - 22*y**2 - 10*y - 184. What are the prime factors of h(-19)?
2, 7, 59
Suppose -6 = -3*r + 2*r + 2*j, -3*r + 7 = 5*j. Let h = 1210 + -1205. Suppose -16 = 4*v, r*s + 0*v - 444 = h*v. List the prime factors of s.
2, 53
Let s be ((-5)/10)/(2*5/(-35520)). Suppose -4*c = -5*x + s, -1060 = 4*x - 7*x + c. List the prime factors of x.
2, 11
Let l = 1042 - 1038. Suppose -888 - 1616 = -l*c. What are the prime factors of c?
2, 313
Let h(o) = 208*o**2 + 37*o + 293. List the prime factors of h(-20).
11, 7523
Suppose 3*k + n = 33, -3*k + 8*k = 2*n + 44. Suppose -k = -3*p - 10. Suppose -l = 2*u - 39, -3*l + p*l = 4*u - 107. List the prime factors of l.
29
Let d = -5 - -6. Let b(n) = -n**3 - 5*n**2 + 9*n + 20. Let q be b(-6). List the prime factors of 44/q - (1 + -1 - d).
23
Suppose 5*d = -4*w - 6, 3*d = 3*w - 8 - 1. Let u(t) = 147*t**3 - 2*t + 2. What are the prime factors of u(w)?
3, 7
Let y = -3529 + 4074. What are the prime factors of y?
5, 109
Let h be 62/22 - 36/(-198). Let y be (-3)/(h/(-23)) - 0. Suppose -y = -p - 7. List the prime factors of p.
2
Suppose 5*u + 0 = 130. Let t = u - 21. Suppose -2*w + 343 = t*w. What are the prime factors of w?
7
Suppose 3*t = -2*p + 181, 3*p + 2*t + 84 - 358 = 0. Let c be -2 + 0 - (-2 - 4). Suppose 3*s - 133 - p = c*k, -4*k + 300 = 4*s. List the prime factors of s.
3, 5
Let k(j) = 33*j + 202. Suppose 2*q + 3*y = -3 - 0, 0 = -5*q + 4*y + 50. List the prime factors of k(q).
2, 5
Let o = 301 + -292. Suppose -o*q = -866 - 43. What are the prime factors of q?
101
Let x = 52 + -49. Let w(q) = -22*q - 6*q - 4 + 1 - x. List the prime factors of w(-4).
2, 53
Let p be (-5)/((-20)/(-8)) + (4 - 2). Let r be 4/(p - -4) - (1 + 68). Let g = 123 + r. What are the prime factors of g?
5, 11
Suppose 0 = -19*l + 93106 + 96894. List the prime factors of l.
2, 5
Suppose v - 5 = 0, -4*y + v = -2*y - 3089. Let n be (-2)/(-3) + y/(-39). Let a = 90 + n. List the prime factors of a.
3, 17
Let o be ((14 - -2) + -4)*8/6. Let g be (-5)/((-20)/o) + 96. Suppose c - 15 = g. What are the prime factors of c?
5, 23
Let w = 14384 - 9364. List the prime factors of w.
2, 5, 251
Suppose -3*i + 7 = -n, 3*n - 1 = 6*n + i. Let g(a) be the third derivative of 27*a**5/20 + a**3/6 - a**2. List the prime factors of g(n).
2, 41
Let y(u) be the second derivative of -56*u**3/3 - 29*u**2/2 - 44*u. What are the prime factors of y(-2)?
3, 5, 13
Let r(a) be the first derivative of -2*a**4 - 2*a**3/3 + 9*a**2/2 + 2*a + 228. List the prime factors of r(-5).
907
Suppose 14*o = 11*o. Suppose -x + 4*c + 16 + 9 = o, -4*x + 30 = -2*c. Suppose -j - x*j + 234 = 0. List the prime factors of j.
3, 13
Let g be 173/4 + 0 + (-1)/4. Suppose -2*m + 3*n + g = -281, -320 = -2*m + 5*n. What are the prime factors of m?
3, 5, 11
Let y be 3/1 - (5 + -5)/(-2). Suppose 5*f = -y*d - 691, 0*f - f - 131 = 3*d. List the prime factors of (5768/f)/((-2)/(-5)*-1).
103
Let y(r) = -r**2 - 12*r - 16. Let k be y(-10). Let a(p) = p**2 - 5*p + 6. Let h be a(k). Suppose 7*s - h*s - 320 = 0. What are the prime factors of s?
2
Suppose -4*j + 5*v = -10, -j - 3*v - 2*v - 10 = 0. Let b(u) = -u**3 - 5 + j*u + 10*u**2 - 1 + 2*u. List the prime factors of b(9).
3, 31
Suppose -f + 719 = 5*x, f - 571 = -4*x - 4*f. Let a(o) = 25*o + 72. Let h be a(6). Let w = h - x. List the prime factors of w.
2, 3, 13
Suppose 42607 = 5*c + 290*r - 291*r, -4*r = -12. What are the prime factors of c?
2, 4261
Let n be 20/11 - 2 - 13864/(-22). Suppose -2*m + n = -0*m. What are the prime factors of m?
3, 5, 7
Let z = 13 + -9. Suppose -4*f + 5*f = z. Suppose 0 = -f*y - 5*q + 201, -3*y + 0*y + 146 = -q. What are the prime factors of y?
7
Suppose 0 = 3*y - 3*h - 48303, 14*y - 2*h = 15*y - 16113. List the prime factors of y.
5, 3221
Let x(u) = -u**3 + 7*u**2 - 3*u + 15. Let g be x(7). Let n = 330 + g. List the prime factors of n.
2, 3
Let s(b) = 2*b**2 + 8*b + 2. Let p be s(-4). Suppose 2*t + 2*y + 8 = 6*t, 0 = t - p*y + 4. Suppose 0 = -t*z + 2*z + 184. List the prime factors of z.
2, 23
Let v = -14023 + 14947. List the prime factors of v.
2, 3, 7, 11
What are the prime factors of ((-88)/(-3))/(-11)*-3 + (3 - -32746)?
3, 61, 179
Suppose -18*i + 20 = -22*i. List the prime factors of 3*i/(-15)*-1*-181.
181
Let j(s) = 14*s - 13*s - 13*s**2 - 4*s**3 + 6*s**2 + 10*s + 52. What are the prime factors of j(-6)?
2, 13, 23
Let h(u) = 74*u - 447. Let x be h(6). Let l(i) = 94*i**2 + 8*i + 12. List the prime factors of l(x).
2, 3, 139
Let d(t) = t**2 + 0*t - t - 6 - 6 - 3*t**3 + 11. Let q be d(-1). Suppose -q*o = 5*r - 867, 0 = 4*o - 2*o - 6. What are the prime factors of r?
3, 19
What are the prime factors of (5 + -3)/((-10)/(-5*6010))?
2, 5, 601
Suppose 3*p + 257 = -4*n, n + 5*p = 6*n + 330. Suppose -5*b + 4*m - 169 + 746 = 0, 3*m + 9 = 0. Let x = b + n. List the prime factors of x.
2, 3
Let g be 901/51 - ((-8)/6)/4. Suppose g*h - 9*h = 8*h. Suppose -4*s + t + 811 = h, -5*s + 1040 = 7*t - 3*t. What are the prime factors of s?
2, 3, 17
Suppose 2*l + l = 4*r - 8, -3*r + 23 = 2*l. Suppose -l*n - 4*k + 4356 = 0, -17 = -k - 18. What are the prime factors of n?
2, 5, 109
Suppose 3*y + 38*p = 37*p + 35125, 5*y - 58555 = p. List the prime factors of y.
2, 5, 1171
Suppose 4*q + 2*z = 58, 7*q - 5*q - z = 27. Let l be -1*(-136)/(-14)*-7. Suppose r + q = l. What are the prime factors of r?
2, 3
Let b(x) = 253*x + 3545. What are the prime factors of b(119)?
2, 47, 179
Let i(a) = -a**3 + 2*a + 103. Let l be i(0). Let y = l + -69. Let s = y + 129. List the prime factors of s.
163
Let g(u) = -u**3 + 13*u**2 + 28*u - 70. Let x be g(15). Let t be (-2)/(-9) + 569/(-9). Let j = t - x. What are the prime factors of j?
37
Let h = 36224 - 418. What are the prime factors of h?
2, 17903
Let j(m) = -7*m**2 + 1183*m + 308. What are the prime factors of j(154)?
2, 7, 11, 107
Suppose -v + 36 = v. Let s = 6800 + -6798. What are the prime factors of 3045/27 + (8/v)/s?
113
Let q = 3627 - 1612. List the prime factors of q.
5, 13, 31
Let f(k) = 7*k**2 + 0*k**2 + 3*k - k**3 - 6*k**2 + 0*k**3. Let h be f(0). Let m(l) = -2*l**2 + l + 83. What are the prime factors of m(h)?
83
Let q(m) = -m**2 - 5*m + 62. Let w be q(5). Suppose -w*t + 2026 = -6962. What are the prime factors of t?
7, 107
Let g(d) = -2*d**2 + 29*d + 25. Let l be g(15). Suppose -9*v - 152 = -l*v. What are the prime factors of v?
2, 19
Let m = -92 - -86. List the prime factors of m/(-60) - 657/(-30).
2, 11
Suppose 38*y - 42*y + 20 = 0. Suppose -3*d + d + y*o + 1152 = 0, 5*d = 5*o + 2895. List the prime factors of d.
7, 83
Suppose -3*o = 11*h - 14*h - 10986, 2*o = 3*h + 7325. What are the prime factors of o?
7, 523
Let o(c) = -12*c**3 + 3*c**2 + 7*c + 8. Let h be o(-5). Suppose -20*w = -2*w - h. What are the prime factors of w?
2, 43
Su